ue
Let p(t) = -t + 2. Let k be p(3). Let c be (1 - (k + 2))/2. Suppose w = 1, c = 5*x - 4*w - 91 - 300. Is x a composite number?
False
Suppose 5*g - 12 = v, 4*g - 9 = 4*v + 7. Suppose 4 = -6*u + g*u. Is u*2/4*-134 composite?
False
Suppose -1461 = -5*i + 459. Let a = i + -257. Is a prime?
True
Let l = 121 + 6. Is l prime?
True
Let f = -2436 - -4194. Suppose -3*y - 3*y + f = 0. Is y prime?
True
Suppose -4*m = 28 - 0. Let x(w) = w. Let i be x(-4). Let t = i - m. Is t composite?
False
Is -2 - 2/1 - -857 a prime number?
True
Suppose -b = 0, -o - 4*b = -3*b + 5. Let v = o - -9. Suppose 4*f - f - 5*h - 221 = 0, -2*h + 260 = v*f. Is f a prime number?
True
Let a(p) = p**3 - 3*p**2 + 2*p + 2. Let t be a(3). Let y = 13 - t. Suppose 32 = -y*l + 427. Is l prime?
True
Let p(l) = 3*l**3 + 2*l**2 - 6*l - 5. Let o be p(5). Let r = o + -235. Is r a composite number?
True
Let d = 195 - 67. Suppose 0 = o - 4*o - 219. Let c = o + d. Is c a prime number?
False
Let n(o) = 35*o - 19. Let p(b) = 17*b - 9. Let a(i) = -3*n(i) + 7*p(i). Let t be a(5). Let v = t + -27. Is v a composite number?
False
Let w(b) be the second derivative of 5*b**4/12 + 5*b**3/6 - b**2/2 + 7*b. Is w(-7) composite?
True
Suppose 2*m - 401 - 665 = 0. Is m prime?
False
Let o be -2*(1 - (-9)/(-2)). Let p = -7 + o. Suppose -5*l = -p*l - 335. Is l a composite number?
False
Let k(g) = -g**2 - 9*g + 5. Let h be k(-10). Is 6/3 + (-455)/h prime?
False
Let u(c) = 70*c**2 + 3*c - 4. Let w be u(3). Suppose 4*z + z - w = 0. Is z a prime number?
True
Suppose g = 5*y - 163, -4*y + 9*y = 3*g + 159. Let i = 2 + 0. Suppose -i*a + y = -a. Is a composite?
True
Let d = -94 - -1195. Is d composite?
True
Suppose 2 = -2*k + 3*m + 357, 4*k - 711 = 5*m. Suppose 0 = 4*i - 723 + k. Suppose -2*v = j - 16 - 34, -3*j + v + i = 0. Is j a prime number?
False
Suppose -4*a = 802 + 334. Let u = 53 - a. Is u composite?
False
Is (-1731)/(-15) + (-2)/5 a prime number?
False
Let f(g) = -g**2 - 5*g - 5. Let y(a) = 4*a**2 + 25*a + 26. Let o(n) = -11*f(n) - 2*y(n). Is o(8) a prime number?
False
Let b be (-5 - -4)*1 - -1. Is (b + -116 + 1)/(-1) a composite number?
True
Let m(j) = j + 10. Let s be m(-6). Let h be -2*s/6*-3. Suppose -75 = -h*u - u. Is u prime?
False
Let y(p) = -p**2 - 3*p - 2. Let q be y(-3). Is (8/10)/(q/(-35)) composite?
True
Let k(d) = 11*d. Let z be k(1). Suppose 5*q - 1 + z = 0. Is q + (2 - -2) - -45 composite?
False
Let v = -23 - -36. Is v a composite number?
False
Let s = 121 + -65. Let f = -17 + s. Is f a prime number?
False
Suppose 0 = 6*m - m - 10. Suppose 4*g = 8*g + 12, -m*n + 3*g + 13 = 0. Suppose -3*y + n*y = -35. Is y prime?
False
Suppose 4*u - 1402 = 2*u. Is u a prime number?
True
Suppose -4*r = -0*r + 5*m - 2302, 2*r + 3*m = 1152. Is r a composite number?
True
Let d = 149 + 330. Is d a prime number?
True
Let d(m) = -m - 3. Let q be d(-2). Is 99*q*1/(-3) composite?
True
Let m(q) = 2*q - 4. Let h be m(3). Let g(w) = 0*w**h + w**3 - w + 0*w**2 + 1. Is g(2) a prime number?
True
Let s(a) = 27*a**2 + 10*a + 16. Is s(7) composite?
False
Let x be (1 + -4)/((-24)/16). Suppose 1328 = 4*y - x*b, -b - 364 + 31 = -y. Is y a prime number?
True
Suppose 3*l = -2*l + 25. Let t = l + -5. Suppose t = 3*f + f - 76. Is f composite?
False
Let v be -1 + (2 - 0) + 1. Let w(b) = b**2 - 2*b + 2. Let a be w(v). Suppose -a*c + c + 13 = 0. Is c a composite number?
False
Let g(t) = -t**3 + 7*t**2 + 2*t - 9. Let y be g(7). Suppose -y*h + 175 + 760 = 0. Is h composite?
True
Let j(p) = 6*p - 7. Let o(h) = -h + 1. Let u(d) = -3*j(d) - 21*o(d). Let b(z) = z**3 - z**2 + 3*z - 3. Let l be b(2). Is u(l) a prime number?
False
Suppose -554 = -3*b + 205. Is b a prime number?
False
Is -645*119/(-28) + (-1)/4 prime?
True
Let t(j) = -j - 22. Let u be t(-7). Suppose -3*n - 1 - 11 = 0. Is n/10 + (-561)/u a composite number?
False
Let h = 17 + -13. Suppose -5*i + 219 = h. Is i a composite number?
False
Suppose 5*s + 12 = -8. Is (-3)/6 - 582/s prime?
False
Suppose -4*z - 8*u + 3*u = 53, 26 = -2*z - 2*u. Is ((-63)/z - 4)*292 a composite number?
True
Suppose -3*m + 17 = 2. Let z(n) = 3*n**3 + 3*n**2 + 5*n - 6. Is z(m) a prime number?
False
Suppose 52 + 22 = k. Is k a prime number?
False
Suppose -4*z = 5*q - 5 - 13, 4*q + 4*z - 16 = 0. Suppose -q*a + 57 = a. Is a a prime number?
True
Let p(c) be the third derivative of 23*c**5/60 - c**4/12 + c**3/6 - 4*c**2. Is p(1) prime?
False
Let b be 6 + 6/(-2) - 103. Let o = 159 + b. Is o a prime number?
True
Let q = 251 - 102. Let h = q + -102. Is h a composite number?
False
Let v = -5 - -5. Suppose -14 = -2*c - 0*c + 5*d, 4*d = -4*c. Suppose 5*t + 2*r + r - 379 = 0, v = r + c. Is t a prime number?
False
Suppose 18 = -4*j + 2. Let w = 0 + j. Let f(c) = -c**3 - 2*c**2 + c + 3. Is f(w) composite?
False
Let k = 25 + -5. Suppose -5*w = k - 5. Let b(x) = -29*x + 2. Is b(w) a composite number?
False
Suppose 2*j - 336 = -0*j. Suppose 0*b + 5*o + 139 = 3*b, 4*b + 2*o = j. Is b prime?
True
Let h(b) = 55*b - 1. Let f be (-1)/4 - (-36)/16. Is h(f) a prime number?
True
Let n(l) = l**2 - 8*l - 22. Is n(16) prime?
False
Let s be 7 - (4 - (2 + -1)). Let z be s/14 + 2/(-7). Suppose 0 = -q - z + 115. Is q prime?
False
Let w(l) = 72*l**2 - 2*l + 1. Suppose 0 = -4*z + 12, 1 + 17 = 3*v + 4*z. Let t be -1*(-1)/2*v. Is w(t) a prime number?
True
Let x = 118 - 188. Let u = -45 - x. Is u a prime number?
False
Let p be ((-15)/(-12))/(2/24). Let r be p/2*(-18)/(-15). Suppose -4*v = -r*v + 130. Is v a prime number?
False
Let c be 2/9 - 88/(-9). Is (-212)/10*(-25)/c a prime number?
True
Let d(b) = 18*b + 2. Let z be d(1). Let x = z - 13. Is x a composite number?
False
Suppose 23 = 3*b - 7. Is (-4)/20 - (-1192)/b prime?
False
Let z = 1221 + -514. Suppose -z = -3*p + 2*p. Is p a prime number?
False
Suppose f - 3*l = 106, -3*l = -5*f + l + 475. Is f a composite number?
True
Let j = -2 - -5. Suppose -6 = -4*x - i, -5*x - 2*i = i - 4. Suppose j*b + 90 = 3*v, -v + x*b + 15 + 12 = 0. Is v a composite number?
True
Let o(a) = -10*a**3 - 5*a**2 + 3*a + 6. Is o(-4) prime?
False
Is (1 + 2)*664/24 a prime number?
True
Let h(v) = -v**3 - 2*v**2 - v + 1. Let w = 11 + -15. Is h(w) composite?
False
Let z be (-479)/(-2) - (-1)/(-2). Suppose g + 3*g - z = 3*h, 4*h = -3*g + 173. Is g a composite number?
False
Let f(j) = -54*j**3 - j**2. Is f(-1) prime?
True
Let r(y) = 3*y + 1. Suppose 2*h + 1 - 31 = -3*w, -2*h = -w + 10. Is r(w) composite?
False
Let i(f) = f**3 + 12*f**2 - 14*f - 5. Is i(-10) a prime number?
False
Let m = 79 - 5. Is m a composite number?
True
Let g(s) = 371*s**2 + 8*s - 17. Is g(2) composite?
False
Suppose -5*z - 104 - 152 = -2*s, 0 = -z + 2. Suppose 2*h + 2*h - 3*f = s, -2*h + 99 = 5*f. Is h/3 - 4/(-6) composite?
False
Let v(j) = -2*j**3 - 5*j**2 + 3*j - 1. Let i = 6 + -3. Suppose 0 = -3*h - 2*d - 22, i*d + 3 = 4*h + 4. Is v(h) prime?
False
Let n(a) = 3*a**3 + 4*a**2 - 11*a + 7. Let q(z) = -10*z**3 - 11*z**2 + 33*z - 22. Let y(s) = -7*n(s) - 2*q(s). Is y(-8) composite?
True
Suppose 2*t - 9 = -4*v + 1, -3*t - 2*v + 7 = 0. Is (0 + -7)*t/(-1) a composite number?
False
Let a = -51 + 232. Is a a prime number?
True
Let m(y) = -3*y**3 - 5*y**2 + 13*y + 1. Is m(-6) a prime number?
False
Let g(a) = 5*a + 6. Let f(h) = h**2 - 5*h + 2. Let n be f(6). Is g(n) a composite number?
True
Is (0 + 14)*(-3 + 3235/10) a composite number?
True
Let x(k) = 385*k**2 + 1. Let r be x(-1). Is 4/8 + r/4 a prime number?
True
Let i(v) = -v**3 + 9*v**2 - 10*v + 7. Suppose p + 2*w = 14, 0 = 2*p - 3*p + w + 2. Is i(p) composite?
True
Let i = 329 - 464. Let t = i - -258. Is t prime?
False
Let r be (-16)/6*(-948)/(-8). Let s = -189 - r. Is s composite?
False
Let b = 1405 + -863. Is b a prime number?
False
Let q(y) = 3*y**2 + 5*y - 3. Let c be ((0 - 0)/1)/2. Suppose -5*h + c*h = 0, 4*h = 4*n - 20. Is q(n) prime?
True
Suppose -3*t = -4*q - 59, -13 = 2*q + 4*t + 11. Let o = q + 65. Is o composite?
True
Suppose 4*d - 99 + 795 = 0. Let v = d + 307. Is v a composite number?
True
Let y = 10 + -6. Suppose 0 = s + 4*m - 0*m - 91, -y*s + 2*m = -310. Is s prime?
True
Is (1 - -1)*9387/42 prime?
False
Suppose -2*t = -a - a - 68, -5*t + 152 = a. Is t composite?
False
Let u(o) = -72*o + 11. Is u(-10) prime?
False
Let u(s) = -s**3 + 6*s**2 + 2*s - 2. Let w = 8 - 3. Is u(w) a prime number?
False